True
Let k be (-68)/(-16) - 4/16. Is (k + 3 + -6)*2309 a prime number?
True
Let w(z) = z**3 + 11*z**2 + 10*z + 4. Let r be w(-10). Suppose -d + 365 = r*d + 5*u, 4*u = 2*d - 170. Is d a prime number?
False
Is (-32)/8*(-365)/4 prime?
False
Suppose 2 = -d, -2*d + 3836 + 32 = -4*v. Is v/(-1) - (-20 - -21) a prime number?
True
Suppose -2*b = -211 - 45. Suppose -9*v = -2*v - 637. Let k = b - v. Is k composite?
False
Let c(r) = 16 - 17 - 4*r - 5*r. Is c(-6) composite?
False
Let k be (-1)/(-4) - 4311/12. Let i = -449 + 239. Let y = i - k. Is y a prime number?
True
Let v(y) = -18904*y - 65. Is v(-1) prime?
True
Suppose -1058 + 18311 = t + 4*z, t - 17251 = -2*z. Is t prime?
False
Let g = -232 - -651. Is g a prime number?
True
Is (1*11364/8)/(3/4) a prime number?
False
Let j(f) = f**3 - f**2 + 102. Let u be j(0). Let n be u/10 + 2/(-10). Is n/(-65) + 1497/13 prime?
False
Let v(a) = 2051*a + 14. Let j(d) = -684*d - 5. Let u be (1*-2)/((-8)/24). Let w(c) = u*v(c) + 17*j(c). Is w(1) a prime number?
True
Let h(d) = 5*d**3 + 2*d**2 - d - 4. Let c be h(3). Suppose c = 5*n - 9. Is n composite?
False
Let a(n) = 141*n + 2. Suppose 2*m - 2*z = -6, 0 = 2*m + 3*z - 32 + 13. Suppose 0*o + m*o = 2. Is a(o) a prime number?
False
Let y = 97531 + -66714. Is y a prime number?
True
Let q = 1836 + -1613. Is q prime?
True
Suppose 93 = 4*l - 27. Suppose l + 518 = 2*x. Is x prime?
False
Let r be (40/(-16))/((-2)/(-4)). Let j be (r - -1)*(-5)/4. Suppose -4*c + j*c = 371. Is c a composite number?
True
Let t be 3/2*(-50)/(-15). Suppose -5*j = q - 10, -j + t*j = 4*q + 8. Suppose -10 = j*u - 116. Is u composite?
False
Suppose -14*p + 10*p + 320 = 0. Let z = 899 + p. Is z composite?
True
Let r(l) = -11 + 3*l**3 + 2*l - 2*l**3 + 3*l + 7*l**2 + 5. Let w be r(-6). Let q(b) = -b + 191. Is q(w) a composite number?
False
Suppose -11*o = -18*o + 12677. Is o a composite number?
False
Is (-1 + 4 - (1 - 6812))/2 composite?
False
Let f(t) = t**2 + 8*t + 2. Let c be f(-8). Let y be c + -5 + 7/1. Suppose i + 2*d - 55 = 10, y*i = 2*d + 230. Is i composite?
False
Let t = 40 + -32. Let k = t - -6. Is k a prime number?
False
Let s(u) = u + 10. Let a be s(13). Let p = a - 19. Is (-4506)/(-10) - p/(-10) a prime number?
False
Let h = -138 + 226. Suppose -g = -7 - h. Is g a composite number?
True
Let u be (126/4)/(15/20). Suppose p + p = u. Is p prime?
False
Let y = -2873 - -18106. Is y prime?
True
Suppose 6*y - 3*y + 46 = 4*f, 20 = 5*f. Is (-1340)/8*(-1 + (-2)/y) composite?
True
Is 71950/30 + 9 + 1/(-3) prime?
False
Let k(q) = q**3 - q**2 + 211. Suppose 5*s = -d + 17, 0 = -2*s + 3*d + 17. Suppose 0 = -s*n + 3*b - 3, n - 4*b - 2 + 6 = 0. Is k(n) prime?
True
Suppose t + 2*r - 739 = 0, 23 - 7 = 4*r. Suppose -t = -6*w + 235. Is w composite?
True
Let z be (-2 - (-52 + -2)) + -3. Let l be (-4 - -64)*8/2. Let a = l - z. Is a composite?
False
Let l = 24159 - 17050. Is l a prime number?
True
Let k = 17 + -15. Is (3*k/12)/(1/2302) composite?
False
Suppose -2*k = -2*r - 404, 0 = 3*k + r - 5*r - 603. Is k a prime number?
False
Suppose 2*w = -3*g + 103, 4*g = g - 4*w + 95. Suppose g = 2*c - 5*b, c - b = -0*c + 11. Suppose 0*u = -c*u + 462. Is u a prime number?
False
Suppose 0 = 5*v - v - 32. Let h = v + -3. Suppose y + 2*y = -4*g + 1074, 3*g = h*y + 791. Is g a composite number?
True
Suppose -5*z = -9*z + 32. Let y(j) = j**2 + 11*j + 5. Is y(z) prime?
True
Let l(q) = q**3 + 15*q**2 + 6*q + 9. Let a(r) = r**3 + 6*r**2 + 3*r + 4. Let w be a(-6). Is l(w) prime?
False
Suppose -2*s + 2918 = -4368. Is s a composite number?
False
Suppose -51*y + 1182 = -45*y. Suppose 605 + y = 2*h. Is h a composite number?
False
Suppose 0 = -62*a + 59*a + 11406. Is a prime?
False
Let s = 6 + -8. Let b be (9 + -9)/(s/1). Suppose b = -g - 3*z + 15, -5*g - z + 22 = -53. Is g a prime number?
False
Suppose 3*l + 5*f = 7728, -2*l - f + 6344 = 1185. Is l composite?
True
Let o(b) = -b - 22. Let j be o(-25). Suppose -4*f + 4282 = 3*s, -j*f + 5*s + 2128 = -f. Is f a prime number?
True
Let v be (20/(-25))/((-6)/15). Suppose v*w = -7 + 5. Is (-2 - w)/1*-134 a composite number?
True
Suppose 3*x + a - 11 = -0*a, 2*x - 2*a = 10. Is 1902/12*x/2 a prime number?
True
Suppose -578 = -7*b + 1473. Is (3 - b - 3)/(-1 + 0) prime?
True
Let n(h) = 109*h**2 + h - 13. Is n(-5) a prime number?
True
Is ((-7)/(-4) + -2)/(4/(-22544)) a composite number?
False
Let d(n) = n**3 - 13*n**2 + 33*n + 30. Is d(23) composite?
False
Let j = 1416 + 127. Is j a composite number?
False
Let i be ((-105)/(-12))/((-1)/(-52)). Let p = 776 - i. Is p composite?
True
Let u = -1121 - -2246. Let h = -626 + u. Is h a prime number?
True
Let b(a) = 9*a**2 + 2*a - 8. Let g be b(9). Suppose -5*n + g = -846. Is n a prime number?
True
Let z(y) be the third derivative of y**6/120 - 11*y**5/60 + 11*y**4/12 + y**3/2 - 5*y**2. Is z(10) composite?
True
Let o(x) = x**2 - 7*x + 6. Let c be o(11). Let a = c + -190. Let s = -75 - a. Is s a prime number?
False
Let i(r) = -11*r**2 + 8*r + 5. Let o be 3 + -3*(-4)/12. Let w(z) = -z**2 + 1. Let q(g) = o*w(g) - i(g). Is q(6) a composite number?
True
Suppose 0 = 5*o - 14 - 11, 3*o = 2*z - 13051. Is z a composite number?
True
Let r(o) = -7*o**2 - 25*o + 53*o - 27*o + 17*o**2 - 7. Is r(-4) a prime number?
True
Suppose -166*f = -2*a - 170*f + 5496, 0 = 5*a + f - 13731. Is a a composite number?
True
Suppose -3*u + 5*o - 1556 + 26612 = 0, -4*o + 25083 = 3*u. Is u a composite number?
True
Suppose 2*b + 8 = 6*b. Let g be 3/b*(-44)/33. Is ((-157)/g)/((-6)/(-12)) prime?
True
Let w(n) = -13*n**3 + 2*n**2 + 3*n + 3. Let f be 4*(-3 - (-1 + -3)). Suppose z + z = -f. Is w(z) a composite number?
False
Let i(h) = -14*h**3 + 5*h**2 + 4*h + 4. Let l be i(-3). Let p = l + -200. Is p a composite number?
True
Suppose 2*w + 236 + 8600 = 0. Let s = w - -6619. Is s prime?
False
Let u = 29559 + -6826. Is u a prime number?
False
Suppose -2*v + 33*r + 94393 = 30*r, -4*v = 3*r - 188741. Is v prime?
True
Let v(b) = b**3 + 34*b**2 - 29*b - 59. Is v(-29) a composite number?
False
Let t = -6034 - -10361. Is t a prime number?
True
Suppose 7*z - 6*z = 1. Suppose z = 4*l + 5, -7362 = -3*f + 3*l. Is f composite?
True
Let z(p) be the first derivative of -2*p**2 - 4*p + 5. Let y be z(-2). Suppose 361 = y*k - 2*o + 3*o, -2*k = -4*o - 158. Is k a composite number?
False
Let v = -78 - -112. Suppose s + v - 4 = 2*o, 0 = 4*o - 5*s - 60. Suppose -o*l - 70 = -17*l. Is l a composite number?
True
Let r be -2*(-298*3 - 0). Suppose -2933 = -3*g - u, -3*g + r = 4*u - 1151. Is g a prime number?
True
Let i be (-2 - -3)*(-3)/(-3). Let v be 1/((0 - i)/12). Is (-4 - 0)*597/v prime?
True
Suppose 1 = -3*i + 10, 70 = 4*j - 2*i. Is j prime?
True
Let l(p) be the second derivative of -499*p**3/6 + 5*p**2/2 - 5*p. Is l(-6) a composite number?
False
Let a be 4/(-2) - (-7 + -4). Let d = 8 - a. Let x(w) = 144*w**2 + 1. Is x(d) prime?
False
Suppose 9306 - 66389 = -13*x. Is x prime?
True
Suppose 3*v = -1373 - 12262. Let t = v - -7207. Let y = -1901 + t. Is y a composite number?
False
Suppose 74 = 5*x - 4*i + 369, 118 = -2*x - i. Let r be 28*-2*x/4. Suppose -699 = -5*u + r. Is u prime?
False
Suppose 21552 - 3926 = 14*b. Is b a prime number?
True
Let z(u) = 159*u**3 - 4*u**2 + u - 1. Is z(2) prime?
False
Let n(r) = 223*r**2 + r + 1. Suppose -i - w - 2 = 0, -16 = 2*i - 5*w - 5. Let m be (1 - i) + -7 + 2. Is n(m) a prime number?
True
Suppose 3*s - 2636 + 6854 = 0. Let q = 579 - s. Is q a composite number?
True
Suppose -49 = -3*g - 13. Let n be 117/(-52)*2512/6. Is (n/g)/(1/(-2)) a prime number?
True
Let u(i) = -17*i + 1. Suppose 0 = 2*s - 37 - 27. Let a be (-16)/72 - s/18. Is u(a) a prime number?
False
Suppose 643713 - 6647620 = -91*c. Is c composite?
True
Let o(m) = 2101*m - 73. Is o(4) prime?
False
Suppose 0 = 3*y - 9, 3*k + 5*y = -k + 7623. Suppose -z + k = -2135. Is z a prime number?
False
Let k(o) = 3391*o - 38. Is k(1) composite?
True
Suppose -z + 3*z + 2*g - 2046 = 0, 0 = z - 4*g - 1008. Suppose 4*k + 4*r - z = 0, -2*r = 2*k - 4*r - 518. Is k composite?
False
Suppose 0 = -3*y + 246442 + 9965. Is y a composite number?
False
Suppose 8*v - 5*v - 654 = 0. Let w = v - -113. Is w a prime number?
True
Suppose 29*v - 5723 = 28*v - 3*j, 4*v + j - 22914 = 0. Is v prime?
False
Suppose 3*s - t - 21150 = 0, 7220 - 28388 = -3*s - 5*t.